1100100010
-94828 (base 10) to base 5
-11013303
What is 18622 (base 14) in base 5?
3432244
Convert 3658 (base 14) to base 8.
22416
-131202 (base 5) to base 14
-1c5b
Convert -1228373 (base 14) to base 8.
-41151221
11440240104 (base 5) to base 12
467ba01
1525551 (base 8) to base 6
13211333
Convert -3787680 (base 9) to base 4.
-13320112113
228599 (base 10) to base 7
1641320
Convert 1002100201 (base 4) to base 14.
70c93
-201221020 (base 3) to base 13
-67cb
Convert -965858 (base 14) to base 10.
-5086278
-221000012202001 (base 3) to base 2
-110010101100101011100011
What is -ad55d2 (base 15) in base 3?
-120120011101222
Convert 2152450 (base 6) to base 11.
74300
Convert 245173 (base 8) to base 6.
1451403
Convert 5446070 (base 8) to base 3.
2202020112101
What is -100021120212211 (base 3) in base 2?
-10010110100001011101000
Convert -121726 (base 13) to base 4.
-1221123103
What is 5153543 (base 6) in base 12?
bb8b3
-302442102 (base 5) to base 14
-23a04a
1030100131 (base 4) to base 2
1001100010000011101
-5a26747 (base 11) to base 15
-dc8071
Convert 24291 (base 10) to base 4.
11323203
7633200 (base 8) to base 4
13303122000
1241304410 (base 5) to base 3
12210002122120
What is 120011210200200 (base 3) in base 13?
189559b
54245211 (base 7) to base 5
2141231400
12303432 (base 6) to base 8
1410114
-40183 (base 14) to base 16
-25977
Convert 645267 (base 8) to base 6.
4342435
What is -3a6bc (base 13) in base 5?
-11440242
Convert 101010011110010 (base 2) to base 15.
669b
What is -210400 (base 9) in base 10?
-124983
Convert 46804 (base 14) to base 6.
3402524
What is 11295c (base 14) in base 3?
1002122111212
1300000323 (base 4) to base 5
104140221
What is -459b1b (base 12) in base 3?
-2002201002112
-3521074 (base 8) to base 13
-2776a0
What is 1049a4 (base 14) in base 12?
226844
What is 5144424 (base 6) in base 15?
4d3e4
What is 1000010100100111111 (base 2) in base 12?
111993
-23100654 (base 7) to base 10
-2017173
Convert -2cbcc3 (base 13) to base 12.
-4573b4
Convert 6143750 (base 9) to base 8.
14377702
What is 1346936 (base 11) in base 16?
236fd8
Convert -1100000110101111110011 (base 2) to base 16.
-306bf3
23436 (base 12) to base 5
3003044
-128bb (base 15) to base 2
-1110011111010111
16254406 (base 7) to base 13
432823
-270422 (base 8) to base 7
-542313
Convert -5100076 (base 8) to base 9.
-2467003
What is 88b63 (base 13) in base 4?
330203010
Convert 10b9126 (base 12) to base 6.
153120450
What is 34506 (base 12) in base 13?
25a3a
-10261463 (base 8) to base 7
-24412152
105522a (base 12) to base 13
84650b
Convert -22111320 (base 4) to base 7.
-234333
Convert -5550526 (base 7) to base 15.
-d7c6a
What is -1000000101100110 (base 2) in base 12?
-17206
110210120111 (base 3) to base 10
251923
What is -15410b (base 13) in base 7?
-4305655
Convert -242412312 (base 5) to base 11.
-708381
What is 337036 (base 9) in base 4?
301103232
Convert 8940c6 (base 14) to base 4.
101301210132
1a5b5a (base 16) to base 8
6455532
Convert 22a3ba (base 14) to base 8.
4402000
-123a34 (base 11) to base 12
-95219
Convert -47b43 (base 13) to base 2.
-100000000111010001
1031700 (base 8) to base 9
458681
47aa89 (base 12) to base 8
4330211
-336b9c (base 13) to base 8
-4504414
Convert 11101100100001100100 (base 2) to base 5.
222000204
What is 3419627 (base 12) in base 7?
150626500
What is -281b06 (base 12) in base 5?
-132314440
What is -524060 (base 11) in base 2?
-11001101000011110111
What is 78520 (base 15) in base 11?
241445
20060151 (base 7) to base 14
313761
Convert 623022 (base 7) to base 11.
73180
Convert -6352520 (base 7) to base 3.
-1110002020022
What is -1521530 (base 7) in base 5?
-23111340
What is -33326453 (base 7) in base 14?
-54dd63
Convert -44fb3 (base 16) to base 4.
-1010332303
-23141114 (base 5) to base 13
-7411c
What is 176c76 (base 16) in base 13?
419952
What is -43222165 (base 7) in base 6?
-211002141
Convert 1001011101101101 (base 2) to base 15.
b745
Convert -166a5 (base 11) to base 7.
-125264
What is 22322000 (base 6) in base 3?
1021112011000
116436515 (base 7) to base 12
2575748
8e81 (base 15) to base 8
73077
Convert 173517 (base 16) to base 10.
1520919
Convert -132241 (base 9) to base 2.
-10011101000000101
Convert -174050 (base 14) to base 16.
-c7a76
11421303 (base 5) to base 4
122102313
Convert 77638 (base 9) to base 3.
2121201022
Convert aa8a2 (base 13) to base 2.
1001011011101001000
Convert -121211201001 (base 3) to base 10.
-331480
-33861c (base 14) to base 11
-a97233
What is 1456412 (base 7) in base 11?
126691
What is 44334 (base 16) in base 14?
73b36
Convert 55456505 (base 7) to base 12.
172a665
Convert 1001110111000000 (base 2) to base 13.
154c6
962c9 (base 13) to base 11
175452
12702 (base 13) to base 2
1000010101011100
Convert -47781 (base 13) to base 4.
-133331133
What is 5044201 (base 11) in base 14?
1283612
-270ce3 (base 16) to base 4
-21300303203
Convert 2121120001 (base 3) to base 4.
30203230
Convert 11001010101111100 (base 2) to base 3.
12021101121
Convert -1000000010011001010 (base 2) to base 10.
-263370
9177d9 (base 14) to base 13
1027197
Convert -43000021 (base 5) to base 4.
-1113233122
410100 (base 7) to base 9
115520
-246406 (base 7) to base 16
-b1a6
Convert 11111010110000001011011 (base 2) to base 10.
8216667
What is 10188c (base 13) in base 3?
201001100100
-183972 (base 13) to base 14
-11b7d8
96852 (base 10) to base 6
2024220
49674 (base 11) to base 12
3535a
-3321130312 (base 4) to base 16
-f9736
Convert -331441520 (base 6) to base 10.
-5962008
-22001321 (base 4) to base 9
-62315
79fa0 (base 16) to base 13
146540
What is -1000022200 (base 3) in base 5?
-1114132
What is 490163 (base 10) in base 2?
1110111101010110011
100000100111110000 (base 2) to base 3
20210021202
Convert 30431131 (base 5) to base 15.
4db46
Convert 201223330301 (base 4) to base 5.
4230041034
Convert -32114 (base 14) to base 5.
-12332300
Convert -333302 (base 7) to base 5.
-3340202
-2d623b (base 16) to base 3
-12121002221001
62446620 (base 7) to base 9
10800476
What is 201310100 (base 5) in base 15?
10e135
-400510 (base 9) to base 14
-6232a
Convert -13010234 (base 6) to base 7.
-3403156
What is -10110000010110 (base 2) in base 8?
-26026
10101011000000001110 (base 2) to base 14
14338a
What is -1537536 (base 8) in base 2?
-1101011111101011110
Convert 23489a1 (base 12) to base 16.
680389
31e39 (base 16) to base 10
204345
What is -26353166 (base 7) in base 16?
-24df94
Convert -123044 (base 12) to base 10.
-295540
Convert 21901a (base 13) to base 8.
3010637
Convert 5d563c (base 14) to base 3.
20000202100100
110111010111000000011 (base 2) to base 10
1814019
Convert 133231100 (base 4) to base 12.
631a8
-1a52b (base 13) to base 15
-10378
What is a5a37 (base 12) in base 7?
1564030
Convert -1e8b7 (base 15) to base 9.
-161861
212307 (base 15) to base 9
2862867
2121033123 (base 4) to base 15
c5ea0
What is 714353 (base 8) in base 14?
61cb9
-20503645 (base 7) to base 4
-12212331331
What is 110102022210102 (base 3) in base 7?
110046416
What is 102490 (base 11) in base 13?
59a22
15b86b3 (base 12) to base 2
10001000100000011100111
Convert 16130703 (base 9) to base 11.
45a9856
Convert 254435 (base 14) to base 2.
100111000011000101111
Convert e65b4 (base 15) to base 10.
730294
What is -52b74 (base 13) in base 15?
-2e2d8
What is -5445666 (base 7) in base 15?
-d2a09
Convert -122122100022 (base 3) to base 5.
-42103010
-110dc6 (base 16) to base 9
-2083100
175834 (base 13) to base 15
b7dba
-62779 (base 12) to base 8
-373715
Convert -50326 (base 11) to base 16.
-11f7c
-52665 (base 12) to base 10
-108077
What is -c38b8 (base 15) in base 14?
-121b30
Convert -881718 (base 9) to base 2.
-10000000011101110001
Convert 9c810 (base 14) to base 7.
3142420
Convert d88298 (base 14) to base 11.
4150846
What is -2366085 (base 9) in base 4?
-10321130012
151047 (base 8) to base 16
d227
What is -535015355 (base 6) in base 15?
-c72042
Convert -127ab (base 13) to base 14.
-c6c7
Convert 1111111001110100010100 (base 2) to base 6.
225204500
What is -226531 (base 11) in base 8?
-1277111
What is 2511105 (base 6) in base 10?
133745
Convert 236412 (base 11) to base 9.
630650
-2102221122 (base 5) to base 6
-232533031
Convert 10027583 (base 10) to base 2.
100110010000001000111111
-1744737 (base 8) to base 5
-112313211
Convert -21123424